5*y**2 + 6*y**3 - 5*y**2 - 7*y**3 - 10*y + 6. Calculate the remainder when 44 is divided by a(-9).
14
Suppose -621 = -24*x - 3*x. Calculate the remainder when x is divided by 5.
3
Suppose -5*r - 989 = -4*j, 9*r = -3*j + 10*r + 728. What is the remainder when j is divided by 22?
21
What is the remainder when (41 - 2)/((-9 - -13) + -3) is divided by 36?
3
Let d(g) = -11*g - 29. Let q be d(-3). Let k be 12/(-16) - 2/8. Calculate the remainder when k - (q - 21*4) is divided by 41.
38
Let d(v) = -v**2 + v - 32. Let l be d(0). Suppose -85 = -2*p + 7*p. Let s = p - l. What is the remainder when 57 is divided by s?
12
Let t(w) = -3*w**2 - 31*w + 2. Let f be t(-11). Let p = f + 25. What is the remainder when 16 is divided by p?
1
Let w = -1145 - -1157. What is the remainder when 994 is divided by w?
10
Let s(i) = i**2 - 27*i - 218. Let m be 2/1 - (2 + 2). Let t = m + 80. Calculate the remainder when t is divided by s(-7).
18
Suppose -5*y - 1 = 4*l, 3*y + 5*l + 7 + 4 = 0. Let m = 16 + 3. Calculate the remainder when m is divided by (-1)/((-1)/7) + y.
9
Suppose -f + 0*k - 5*k + 40 = 0, 2*f + 2*k - 48 = 0. Suppose 3*d - 4 = 20. Calculate the remainder when ((-4)/(-6))/(d/948) is divided by f.
19
Suppose 3*s = -3*y + 150, -s - 6*y + 65 = -10*y. Calculate the remainder when s is divided by 27.
26
Let l = 1383 - 1219. What is the remainder when l is divided by 35?
24
Let j(c) = c**3 - 16*c**2 - 14*c - 15. Calculate the remainder when 98 is divided by j(17).
26
Let p(k) = k**3 - 6*k**2 - 4*k - 4. Let q be (3 - (4 + -2))*14. Let j = 21 - q. What is the remainder when 67 is divided by p(j)?
16
Let v be -1 + (35/20)/((-4)/(-1040)). What is the remainder when (-2)/3 + v/6 is divided by 38?
37
Let z(w) = -4*w**3 + 2*w**2 + 2*w + 2. Let m be (10/3 - 4)*-3. Calculate the remainder when z(-2) is divided by (m + -3)*(0 - 10).
8
Suppose 1 - 165 = x. Suppose 0 = 5*z - 27 - 13. Calculate the remainder when (-4)/6 - x/12 is divided by z.
5
Let c(s) be the third derivative of 1/2*s**4 - 1/2*s**3 + 5*s**2 + 0 + 0*s. What is the remainder when 82 is divided by c(2)?
19
Let r(j) = j**3 + 9*j**2 + 2*j - 3. Let n = -12803 + 12822. What is the remainder when r(-6) is divided by n?
17
What is the remainder when 24 is divided by (3 - (6 + -4))/(1/3)?
0
Suppose -f - c + 0*c + 783 = 0, 0 = 2*f + 3*c - 1565. What is the remainder when f/16 - (2 - -1) is divided by 24?
22
Let y be 532/95 - (-4)/10. What is the remainder when (208/y)/(11/33) is divided by 21?
20
Let q(v) = 7*v**3 + 10*v**2 + 6*v + 4. What is the remainder when q(3) is divided by 5?
1
Let k be -4*40/(-3) + 64/96. Let z = -32 + k. What is the remainder when 63 is divided by z?
19
Suppose -82 = -5*z + 2*q, -159 + 85 = -3*z - 5*q. What is the remainder when 134 is divided by z?
8
Calculate the remainder when (-2)/(-7) - 242*15/(-35) is divided by 19.
9
Let a(i) be the second derivative of -33*i**5/20 + i**4/12 - i**3/3 - i**2 + 6*i. What is the remainder when a(-1) is divided by 10?
4
Let i(w) = -2*w**3 + 80*w**2 + 8*w - 54. What is the remainder when i(40) is divided by 15?
11
Suppose 3*v = 12 + 99. Suppose -6*q + 254 = -136. Suppose -n + q = 4*n. Calculate the remainder when v is divided by n.
11
Suppose 2*k + 5*n = 90, -k + 6*n - 9*n + 46 = 0. What is the remainder when 155 is divided by k?
35
Calculate the remainder when (7*108/105)/((-4)/(-70)) is divided by 38.
12
Let t = -2 + 9. Let x(m) = m**3 - 6*m**2 + 6. Suppose 55 + 61 = 4*d. What is the remainder when x(t) is divided by d?
26
Let n = -1594 - -1665. What is the remainder when 484 is divided by n?
58
Let q(d) = -35*d**2 - d. Let o be q(1). Calculate the remainder when 8/o + 2 + (-1113)/(-27) is divided by 9.
7
Let s = 888 + -294. Suppose -3*n = f - 9, -3*f + 80 = f + n. What is the remainder when s/f - (-4)/(-14) is divided by 5?
3
Suppose -4*w + 60 = -0*w. Suppose d = 35 + w. Calculate the remainder when d is divided by 13.
11
Let m(k) be the third derivative of k**4/24 + 23*k**3/6 + 34*k**2. What is the remainder when m(5) is divided by 10?
8
Suppose 3357 = 19*s - 9829. Calculate the remainder when s is divided by 12.
10
Let q be (-60)/(-8) + (-3)/(-2). What is the remainder when 4/18 - (-70)/q is divided by 4?
0
Suppose -66*m = -25*m - 861. Let v(t) = t**2 - t + 11. What is the remainder when m is divided by v(0)?
10
Suppose -k = 4*w - 6 - 22, 3*k - 18 = -w. Suppose -133 = -5*d - 18. What is the remainder when d is divided by w?
5
Suppose 0 = -9*q + 15*q - 240. What is the remainder when 319 is divided by q?
39
Suppose -195 + 70 = -5*n. Suppose 4*s - 121 = -n. Calculate the remainder when 93 is divided by s.
21
Suppose 0 = 4*d + 4*h - 332, 195 = 2*d + 5*h + 20. Suppose 1 = n, 5*q = 21*n - 19*n + 103. What is the remainder when d is divided by q?
17
Let g(d) = 2*d**3 + 30*d**2 + 30*d + 31. What is the remainder when 135 is divided by g(-14)?
0
Suppose -4*l = -1 + 5, -3*o - 4*l = -14. What is the remainder when 17 - 0 - (1 + 0) is divided by o?
4
Let j be 0/(11/7 + 24/56). Let v(k) = -k**2 + 2*k + 3. What is the remainder when 5 is divided by v(j)?
2
What is the remainder when 44 is divided by -6 + 3 + (-81)/(-9)?
2
Let n(a) = 3*a**2 - 6*a. Let w = 410 - 317. What is the remainder when w is divided by n(4)?
21
Let z be -31 - 1/3*0. Let x = 39 + z. What is the remainder when x is divided by 3?
2
Let h be (-90)/(-27) - (-2)/(-6). Let v(k) = 4*k - 28. What is the remainder when v(14) is divided by 16*1 + (2 - h)?
13
Let g(i) = 5*i**3 - i**2 + 5*i - 2. Calculate the remainder when 201 is divided by g(1).
5
Suppose -3*c + 3*o = -159, -208 = -4*c + 3*o - 0*o. Let t(x) be the first derivative of -2*x**2 - 7*x + 1. What is the remainder when c is divided by t(-6)?
15
Let r = 211 + -165. What is the remainder when r is divided by 12?
10
Let l(o) = 2*o**2 - 10*o - 94. What is the remainder when l(-8) is divided by 24?
18
Let j = 521 + -457. Suppose -3*h - 66 = -6*h. Let b = h - 5. Calculate the remainder when j is divided by b.
13
Let t = -951 + 1268. What is the remainder when t is divided by 10?
7
Suppose 2*g = -0 - 18. Let t = -6 - g. Calculate the remainder when 44 is divided by -2 + t + -2 + 24.
21
Suppose -33*k + 63*k = 2550. Calculate the remainder when k is divided by 5.
0
Suppose 0 + 6 = 2*j. Let b = j - -50. Calculate the remainder when b is divided by 6.
5
Let v(r) = r**2 - 68. What is the remainder when 175 is divided by v(-10)?
15
Let p(g) = 2*g**3 - 2*g**2 - 7*g + 20. What is the remainder when p(5) is divided by 25?
10
What is the remainder when 3*2/(-3) - -45 is divided by -5 - 16*(-9 + 8)?
10
Let h be 5/10*(6 - 2). Calculate the remainder when 75 is divided by (234/(-12))/(h/(-4)).
36
Let z = 32 + -30. Suppose 4 = -z*b, l + 5*b - 3 = 2*b. Calculate the remainder when 15 is divided by l.
6
Let a(b) = -11 + 7*b + 2*b + 3. Let g(f) = -2*f**3 - 4*f**2 + 4. Let n be g(-2). Calculate the remainder when 82 is divided by a(n).
26
Let l(z) = -28*z - 65. What is the remainder when 59 is divided by l(-4)?
12
Let r(q) = -q**2 + 5. Let t be r(0). Suppose -h = -z - t, 5*h - 24 = 3*z + 3. Suppose -n + 9 = -8. Calculate the remainder when n is divided by h.
5
Let x(w) = -2*w - 3. Let r be x(-4). Suppose 3*q - r*q = -20. Suppose -2*f + 20 = -q. Calculate the remainder when f is divided by 8.
7
Suppose -c - 5*q = -6*c + 610, -c - 3*q + 134 = 0. Suppose -3*n + 94 = 2*a, 53 = n - 5*a + 16. Calculate the remainder when c is divided by n.
29
Suppose -3*j = -8*j + 3*a + 190, 4*a = 2*j - 62. Suppose -38*d - 126 = -j*d. What is the remainder when d is divided by 9?
6
Let h = -301 - -367. Calculate the remainder when h is divided by 15.
6
What is the remainder when (-80)/(-880) + 527/11 is divided by 20?
8
Suppose -5*d + 220 = 115. Let i be 292/5 - (-6)/(-15). Suppose 0 = -3*j + 59 + i. Calculate the remainder when j is divided by d.
18
Let a(w) = -4*w**3 + w**2 + 79. What is the remainder when a(0) is divided by 5?
4
Let c be -3*(-2 + 93/9). Let n = -5 - c. Let h(r) = 46*r + 361. Calculate the remainder when h(-7) is divided by n.
19
Let z = 667 - 394. Calculate the remainder when z is divided by 12.
9
Suppose -d - 3*d + 4 = r, 2*r + 5*d - 17 = 0. What is the remainder when 76 is divided by r?
12
Suppose -4*c = 20, 3*d + 5*c = 2*c - 3. Suppose d*v - 2*v = -4*l - 254, -4*l =